e -58 + 188 = v*f. Calculate the highest common divisor of 2 and f.
2
Let u be (-15 - -2) + -24 + 31. Let i be (0 - 70)/(-5)*u/(-4). What is the highest common divisor of i and 14?
7
Let h = 2331 - 1250. Let n be -7 + (5 - 4) - (-371)/7. Calculate the greatest common factor of h and n.
47
Suppose -5*i + 57 = 287. Let z = i - -51. Suppose 5*v = z*b + 30, -5*v + 3*b + 9 = -3*v. Calculate the greatest common divisor of v and 36.
9
Let z be 2/(-2)*(-78)/(-39). Let f be z/4 + 3197/46. What is the highest common factor of f and 552?
69
Let x = -681 - -1832. Let y = x + -611. Calculate the greatest common divisor of 54 and y.
54
Let p(d) = 64*d - 1480. Let g be p(25). What is the greatest common divisor of g and 615?
15
Suppose 0*o + 2*o = -4*w + 398, -12 = -3*w. Let i = o - 180. What is the greatest common factor of 44 and i?
11
Let n = 1387 + -955. Let l = n + -298. What is the highest common divisor of 67 and l?
67
Let g = 36 + -264. Let t = -173 - g. Let p = 39 + -6. Calculate the highest common divisor of t and p.
11
Let m = -130 + 109. Let t be (-1 - 14/m)*-15. Calculate the highest common divisor of 65 and t.
5
Let d(w) = 1088*w + 10925. Let z be d(-10). Let p = 597 + -237. Calculate the greatest common factor of z and p.
45
Suppose t = 4*q + 5*t - 44, 29 = 4*q + t. Let h = 5136 - 4782. What is the highest common factor of q and h?
6
Let y(i) = i**3 + 7*i**2 + 8*i + 4. Let d be y(-9). Let s = d - -266. Calculate the highest common divisor of 30 and s.
6
Suppose -22*x + 25*x - 4*m - 16555 = 0, 3*x + m = 16580. What is the greatest common factor of 5 and x?
5
Suppose -276*n - 1114 = -279*n - 8*q, 0 = 2*n + q - 799. Suppose 4 = 5*s - 141. What is the highest common factor of n and s?
29
Let y = -26472 - -26571. What is the highest common factor of y and 5104?
11
Suppose -44*s = 9*s - 1040 - 497. Calculate the greatest common factor of 9947 and s.
29
Let h(n) = -393*n - 2701. Let o be h(-7). Let p = 436 + -161. What is the greatest common divisor of o and p?
25
Let w(i) = 24*i**2 - 152*i + 468. Let o be w(3). What is the highest common factor of o and 36?
12
Suppose -45 = -4*q - 18*s + 17*s, -5*q + 4*s = -72. Calculate the highest common divisor of 5028 and q.
12
Let j be 1034 - (7/(-63) + 273/27). What is the greatest common factor of j and 272?
16
Suppose 6 + 18 = 8*k. Suppose 0 = -5*h + 2*l + 15, 4*h - k*l + 5*l - 30 = 0. Suppose 4*s - 45 + h = 0. Calculate the greatest common divisor of s and 20.
10
Suppose 4*i - 30 = -31*o + 30*o, 0 = 5*i - 30. Calculate the greatest common divisor of o and 5298.
6
Let o be 2/2 + (2*-6)/(-6). Suppose -l = 2*q - 5*l + 10, q + o*l = 5. Let f be (-2 - q) + (2 - -5). What is the greatest common factor of f and 12?
6
Suppose -13*q + 30*q - 20*q = 0. Suppose 6 = -2*d + 2, 5*p + 4*d - 147 = q. Calculate the highest common divisor of 124 and p.
31
Suppose -267 = -6*r + 669. Let j = r + -30. Calculate the highest common factor of j and 28.
14
Let h(c) = c**3 + 11*c**2 - 12*c + 33. Let v be h(-12). Let k = v - -111. Calculate the greatest common factor of k and 9.
9
Let h be 8/10*-1*-10. Let y = h + 7. Let a be (105/y)/((-1)/(-2)). Calculate the greatest common factor of 98 and a.
14
Suppose -113*f - 15*f + 146529 = 475*f. Suppose -65 = -3*z - 4*y, -2*y + 88 = 4*z + 3*y. What is the highest common divisor of z and f?
27
Let q be (-9)/(-15) - (-156)/15. Let v = 322 - 226. Suppose -g + 3*j + 13 = -63, g - v = -2*j. Calculate the greatest common factor of q and g.
11
Suppose 144 = -34*n + 25*n. Let q be ((-4 - -9) + -4)*n*-10. Calculate the greatest common factor of q and 100.
20
Let h be 16 - (-5 + (1 - -10)). Let s be (1 - 0) + 24 + 0. Suppose 3*z - 4 = 2*c + h, -5*z + 5*c + s = 0. Calculate the highest common factor of 2 and z.
2
Let f be 6/15 - 1584/(-90). Suppose 17*t + 3*a = f*t - 288, 5*a = 4*t - 1124. Calculate the greatest common factor of t and 12.
12
Let r be 22*(-54)/24*-14. Suppose -14*v = -3*v - r. What is the highest common divisor of 21 and v?
21
Let f(d) = -5*d - 394. Let o be f(-87). Calculate the greatest common factor of 2624 and o.
41
Let i(u) = -6*u**2 + 14*u - 8. Let x be i(3). Let s be -17*(65/x)/(5/20). What is the highest common factor of s and 68?
17
Let g be 95/5 + (-11)/((-77)/(-42)). What is the highest common divisor of 11 and g?
1
Suppose -4*q - m + 1094 = 0, -18*q + 12*q = 5*m - 1648. Calculate the greatest common factor of 1547 and q.
91
Suppose p = -3*p + 108. Let u(q) be the second derivative of -17*q**3/6 + 26*q**2 - 2*q + 54. Let c be u(2). Calculate the highest common divisor of c and p.
9
Suppose -30 = -r - 4*d, 3*d + 76 - 121 = -2*r. Let s = -675 + 1521. What is the highest common factor of s and r?
18
Suppose 3*v - 2*s - 28 = 0, 3*v + 2*s = 52 - 44. What is the highest common factor of v and 4722?
6
Suppose 1342 = 64*u + 354 - 676. What is the greatest common divisor of u and 4394?
26
Let k(u) = -551*u + 2795. Let m be k(5). Let x(a) = -11*a + 1. Let h be x(-4). Calculate the highest common factor of m and h.
5
Let v(u) = 129*u + 409. Let r be v(-3). Calculate the highest common divisor of r and 1826.
22
Let t be 692/28 + (-4)/(-14). Let w be 1715/t + (-6)/(-15). Suppose -f = 2*f - p - w, 51 = 2*f + p. What is the highest common factor of f and 36?
12
Let z(i) = i**3 + 34*i**2 - 2*i - 38. Let w be z(-34). Suppose -12*a - 3*a = -w. What is the highest common divisor of 7 and a?
1
Let c(y) = -8*y**3 + 26*y**2 - 36*y - 657. Let p be c(-9). Calculate the highest common factor of 13 and p.
13
Let r = 109 + -104. Suppose r*z + 5*g - 3*g = 68, 28 = z + 4*g. Let n be 152/(((-1)/(-4))/(3/z)). Calculate the greatest common factor of n and 19.
19
Let b be -17 + (-8947)/(-115) - 3/(15/4). Suppose 822 = 2*h - 378. What is the highest common divisor of b and h?
60
Let s be (-3963)/(-6) - 140/280. What is the highest common divisor of s and 3090?
30
Let a(d) = -514*d + 1043. Let p be a(2). Calculate the greatest common divisor of 57 and p.
3
Let u(t) = 15*t**2 + 133*t + 787. Let d be u(-6). What is the highest common divisor of 437 and d?
23
Let d = -39 + 48. Suppose -d*z = 21*z - 6120. Let n be (-11 - 1)*(-4 - -3). Calculate the highest common divisor of n and z.
12
Let y = 371 + -369. Suppose -4 = -q - m, -y*q + q + 24 = -4*m. What is the greatest common divisor of 24 and q?
8
Suppose 3*c - 1710 = 3*y, 7*y = 5*c + 12*y - 2830. Calculate the greatest common divisor of c and 32.
8
Let u(w) = w**2 - 8*w + 20. Let l be u(-6). Let m = l + -49. Suppose z = -5*t + 30, -t + 2*z = 2*t - 5. Calculate the highest common divisor of m and t.
5
Suppose -2*a + 1858 = 3*s - 0*s, -6*s + 3712 = 2*a. What is the highest common divisor of 12 and s?
6
Let m(x) = -6*x + 4. Let v be m(-2). Suppose -5*z + 5*l = -z - 52, 3*z + 2*l - v = 0. What is the greatest common factor of 32 and z?
8
Let y = 13289 - 13024. Suppose 2*x + 212 = 4*x. Calculate the highest common divisor of x and y.
53
Let l = -143 + 159. Let f be l/(-4) - 153/(-3). Calculate the highest common factor of f and 235.
47
Suppose -28*x - 31*x + 341 + 1665 = 0. Let w be (-245)/(-14)*(-24)/10. Let l be 236/7 + (-12)/w. Calculate the highest common factor of l and x.
34
Let c(j) = -14 + 59 - j - 25. Let h be c(16). Suppose -8*r + 10 = -3*r, h*r = 5*x - 92. Calculate the greatest common divisor of 160 and x.
20
Let u(h) = -118*h - 1. Let y be u(-1). Suppose -5*i + 177 + 663 = 0. Suppose -i = -2*n - 142. What is the greatest common factor of y and n?
13
Let z(o) = -o**2 + 53*o - 82. Let f be z(52). Let t be 2*f/(-20) + 487. What is the greatest common factor of t and 140?
70
Let z(j) = j**3 - 8*j**2 - 515*j - 11. Let a be z(-19). Calculate the greatest common divisor of 7506 and a.
27
Suppose 66 + 284 = 6*k - k. Suppose -69 = -2*d - 0*y - 5*y, y + 129 = 3*d. Suppose -3*q - d = -6*q. Calculate the highest common factor of q and k.
14
Suppose -4*i - 5*x - 105 = 7, 2*i + 4*x = -50. Let g = -4 + i. Let w = -36 - g. What is the highest common factor of 11 and w?
1
Suppose -5*d = c - 9031, 5*c + 500 = -3*d + 5923. Suppose l + d = 15*l. What is the highest common factor of l and 215?
43
Let d(m) = m**3 - 4*m**2 - 11*m + 34. Let u be d(5). Suppose -13 = -3*b + 4*x + 15, u*b + 4*x = 56. Calculate the greatest common factor of 60 and b.
12
Let k = -1820 - -1060. L